of d and 6.
2
Let v = 3 + -2. Let g(l) = -l**3 + 11*l**2 - 3*l + 22. Let p be g(0). Calculate the highest common divisor of p and v.
1
Let w(j) = -16 + 5 + 24*j - 5*j. Let o be w(7). Let n = o + -81. What is the greatest common divisor of 41 and n?
41
Suppose 8*a - 4*d + 8471 = 96479, 55014 = 5*a - 4*d. What is the greatest common divisor of 36 and a?
18
Suppose 0 = 26*j + 14*j - 11001 + 4001. What is the greatest common factor of 1470 and j?
35
Let q = 61 + -125. Let i = -26 - q. Let z = i + -1. Calculate the greatest common divisor of 407 and z.
37
Suppose 35 = 19*x - 60. Suppose -g - x*j + 4 = 0, 10*j = -2*g + 12*j + 8. Calculate the highest common factor of g and 16.
4
Let q = 3591 + -2547. What is the greatest common factor of q and 4?
4
Let q = -742 - -767. What is the greatest common factor of q and 5?
5
Suppose 0 = -2*d - 3*w + 1234, -7*w + 4*w = d - 623. What is the highest common divisor of d and 104?
13
Let k(u) = 265*u**2 - 172*u - 696. Let r be k(-4). What is the greatest common factor of 276 and r?
92
Let a = -3093 + 3101. Let c be 21/(-4)*128/(-12). What is the greatest common divisor of c and a?
8
Suppose -3*h + 228 = 3*r, -3*r = -61*h + 62*h - 74. What is the highest common divisor of h and 352?
11
Let m be (48/20)/((-38)/(-27075)). Calculate the highest common factor of m and 270.
90
Let a(k) = -2*k**3 + 13*k**2 + 7*k. Let v be a(-5). Suppose -37*b = -10*b - v. Calculate the highest common factor of 360 and b.
20
Let t = -3369 - -3404. Calculate the highest common divisor of t and 8.
1
Suppose -34*g + 11677 = -46259. What is the highest common factor of 48 and g?
24
Let x be -124*(-4 - ((-3)/24)/(12/264)). What is the highest common divisor of 434 and x?
31
Let p(c) = -4*c**2 + 198*c + 362. Let y be p(51). Calculate the greatest common divisor of 994 and y.
14
Suppose 23*h = 18*h + 140. Let o be 2*26/4 + -1. Suppose 3*l - 138 + o = 0. What is the greatest common divisor of l and h?
14
Let q(j) = 172*j - 2578. Let l be q(24). Calculate the highest common factor of l and 50.
50
Let k be (315/10)/(-7) + -856*(-22)/32. Let x(i) = i + 14. Let t be x(-6). Calculate the highest common divisor of k and t.
8
Let p = -13815 - -13963. Suppose -q + 2*b = -2*b - 4, 4*b = -5*q + 20. Calculate the highest common divisor of p and q.
4
Suppose -23*w + 32*w - 45 = 0. Suppose -2*r + 4*r = 4. Calculate the greatest common factor of r and w.
1
Let z = 70 + -65. Suppose 2*d + d = -m + 15, m - z*d - 7 = 0. Let w be 150/9 + 16/m. Calculate the greatest common divisor of 9 and w.
9
Let w = -8 - -13. Suppose 0 = -6*h + 703 - 685. Suppose -w*i - h*g + 247 = -62, 0 = -5*i - 4*g + 307. What is the greatest common factor of i and 21?
21
Let r be -5*((-6636)/(-630))/(4/(-6)). Suppose 0 = 5*x + r - 219. What is the highest common factor of 532 and x?
28
Let y(f) = -2*f**3 + 16*f**2 - 21*f + 356. Let i be y(9). Suppose 0 = -4*p - 2*b + 176, 4*p + 4*b = b + 174. What is the highest common divisor of p and i?
5
Suppose 2*m + 192*p = 193*p + 205, -193 = -2*m + 5*p. Calculate the highest common divisor of m and 17992.
104
Let u(c) = 25*c**2 + 17*c + 25. Let a be u(-7). Calculate the greatest common factor of 261 and a.
87
Let p(x) = -74*x - 6885. Let u be p(-94). Calculate the greatest common divisor of 23927 and u.
71
Let q(d) = 6*d**2 - 4*d + 2. Let y be q(1). Suppose 0 = 7*c - y - 38. Let k be 9/81 - 134/(-9). Calculate the highest common divisor of c and k.
3
Let l be ((-2)/(-3 - -1))/(-1)*371. Let g = l + 382. What is the greatest common factor of 1661 and g?
11
Suppose 0 = 3*t - 4*g + 484, t = -4*g - 93 - 47. Let m = -34 - t. Suppose 3*u - 4*l = 27 + 67, 5*u + 2*l = m. Calculate the highest common divisor of u and 13.
13
Let k(h) = 55*h - 74. Let c be k(2). Let a = -183 + 273. Calculate the highest common divisor of a and c.
18
Let o(z) = z**2 - 712. Let q be o(-42). What is the greatest common factor of 8 and q?
4
Suppose 5*v = 5*a - 65, 7*a - 11*a + 46 = -v. Suppose -3*h - d + 53 = 4, -5*d - a = -h. Calculate the greatest common divisor of h and 240.
16
Suppose 5 = -3*b - 2*b. Let k = b - -1. Suppose v - 3*v + 5*p + 24 = 0, k = -2*p + 8. Calculate the highest common factor of v and 77.
11
Suppose -2*i + 761 = 323. Let q = -207 + i. What is the highest common factor of 69 and q?
3
Let l(p) = 2*p**3 - 42*p**2 - 20*p - 231. Let y be l(22). What is the highest common factor of 243 and y?
27
Suppose 3*y - 135 = -2*y. Let n(p) = 85*p - 425. Let q be n(5). Suppose 6*r - 366 - 444 = q. What is the greatest common divisor of y and r?
27
Let k(b) = -7*b**2 + 5*b + 34. Let x be k(10). Let h = x - -644. Suppose y + y - 6 = 4*o, 3*y = 4*o + 13. What is the highest common divisor of y and h?
7
Suppose 115*j - 43*j - 860 - 43420 = 0. What is the highest common divisor of j and 1545?
15
Suppose 0 = -121*n + 559*n - 354780. Calculate the highest common factor of 243 and n.
81
Let s = 11 - 3. Let w be 22/(0 + 1 - (-1 + 1)). Let i(m) = -2*m + 52. Let z be i(w). Calculate the highest common divisor of s and z.
8
Suppose 0 = -3*k + 584 + 670. Let j = 724 - k. Suppose -47*z = -4*i - 52*z + 67, i + 3*z = 15. Calculate the highest common factor of j and i.
18
Suppose 0 = -7*m + 18 + 31. Suppose m*g - 9*g = -4. Suppose -7 = g*j - 15. What is the highest common divisor of 8 and j?
4
Suppose -39 = -g - 5*r + 7, 0 = -4*g - 3*r + 116. Suppose -7*x + 215*w = 218*w - 3279, -4*x + 3*w = -1869. What is the greatest common divisor of g and x?
26
Let o(d) = d - 8. Let l be o(16). Suppose j = -l*j + 99. What is the greatest common factor of j and 77?
11
Suppose 0 = 290*s - 289*s - 350. Calculate the highest common factor of 60 and s.
10
Let u(x) = -276*x - 4. Let o be u(-1). Suppose -5*g + 572 - 117 = -5*a, -5*a - 455 = 4*g. Let m = -57 - a. What is the greatest common divisor of o and m?
34
Suppose -19080 = 493*w - 497*w. What is the highest common factor of w and 360?
90
Let n = 178 + -82. Let f(r) = -r**2 - 7*r + 10. Let k be f(-8). Suppose -k*a + 2*z + 54 = 3*a, -5*a = -z - 57. Calculate the highest common divisor of n and a.
12
Let m be 1558/10 + 2/10. Let s = 14837 + -14291. What is the greatest common factor of m and s?
78
Suppose -6*s = -7*s + 598. Suppose -4*w - 920 = 2*f, 4*w + s = f - 310. Let a be 2/5 + w/(-30). Calculate the highest common factor of a and 32.
8
Let z = 136 + -133. Suppose 998 = z*f + 335. Suppose 5 = -o + 22. Calculate the greatest common divisor of o and f.
17
Let s be 3*-1*(61 + -94). Calculate the greatest common factor of s and 1221.
33
Suppose 9256 = 16*z + 3720. What is the greatest common divisor of 5709 and z?
173
Suppose 5*d = 4*f - 67, 2*d - 23 = -f + 10. Let s = f + 17. Suppose 2*r + g + 3*g = 36, -5*r - 4*g = -96. What is the greatest common divisor of r and s?
20
Let a(l) = 36*l**2 + 9*l - 10. Let w be a(1). Let i be -1 - (-4 + 5)*-3. Let d be -4 + (-1)/(i/(-358)). Calculate the greatest common factor of w and d.
35
Suppose -42*p = -59*p + 17. What is the greatest common factor of 197 and p?
1
Suppose -7*p = -t - 12*p + 1020, 2*t - 2105 = 3*p. Suppose 11*s = 6*s + t. What is the greatest common factor of s and 11?
11
Let d(o) = -104*o**3 + 5*o**2 + 14*o + 6. Let j be d(-3). Suppose j = 6*s + 1029. Suppose -1572 = -14*g - s. Calculate the greatest common divisor of 13 and g.
13
Suppose -24*l + 85 = -395. Let k be 4/l - 14/(-5) - -1. Let d = 39 - 3. Calculate the greatest common factor of k and d.
4
Let j be 6/3 + (2343 - 188). What is the highest common factor of j and 6?
3
Let d(h) = -3*h**3 + h**2 + 6*h + 2. Let j = -194 - -192. Let p be d(j). Suppose 2*o = -2*o + 792. Calculate the greatest common divisor of o and p.
18
Suppose 0 = d - 5*z - 72, 273 = 4*d + 5*z + 60. Let o = d + -44. Let t(a) = 92*a**2 + 2*a + 1. Let i be t(-1). Calculate the highest common divisor of i and o.
13
Let r(a) = -a**3 + 41*a**2 + 46*a - 132. Let j be r(42). Suppose 2*t + 0*t - 352 = -4*p, -2*p - 4*t + 164 = 0. Calculate the greatest common factor of p and j.
18
Suppose o - 1822 = -5*x, 2*x - 738 = -2*o - 3*o. Suppose -176 = -4*j + x. Let q = 203 - j. Calculate the highest common divisor of q and 17.
17
Let k be 220/(-33)*(18/4)/(-3). Suppose -1 + k = 3*u. Suppose -12 = -2*i - m + 23, u*m = 15. What is the highest common divisor of i and 135?
15
Let r(p) = -p**3 